ne h(11).
15
Let l(x) = -x**2 + 2*x - 34. What is l(0)?
-34
Let u(c) = 5*c - 74. Calculate u(16).
6
Let n(v) = v**2 - 6*v + 16. What is n(9)?
43
Let c(o) = -o**2 + 5*o - 37. Give c(12).
-121
Let b(n) = n**3 + 10*n**2 + 13*n + 6. Calculate b(-6).
72
Let i(c) = c**3 - 2*c**2 - 2. Determine i(4).
30
Let m(f) = 37*f + 182. Determine m(-5).
-3
Let m(k) = 5*k**2 + 54*k - 4. Calculate m(-9).
-85
Let k(r) = -r**3 + 13*r**2 - 16*r. Calculate k(12).
-48
Let y(o) = o**3 - 18*o**2 + 16*o + 24. Calculate y(17).
7
Let u(v) = -4*v - 61. Give u(-4).
-45
Let q(l) = l**3 - 2*l**2 - 4*l + 3. Determine q(3).
0
Let b(i) = i**3 + 6*i**2 - i + 2. Calculate b(-7).
-40
Let a(p) = 5*p + 4. Determine a(-2).
-6
Let g(v) = -11*v - 6. What is g(-4)?
38
Let d(q) = -q + 1. Determine d(3).
-2
Let p(o) = o**2 - 9*o + 8. What is p(7)?
-6
Let j(o) = -2*o**2 - 19*o + 61. Calculate j(4).
-47
Let n(c) = -c**2 - 15*c - 8. Determine n(-4).
36
Let c(x) = -x - 9. Give c(-5).
-4
Let y(h) = -3*h**3 - 5. Determine y(0).
-5
Let o(r) = r**3 + 11*r**2 - 14. Calculate o(-11).
-14
Let m(h) = 4*h - 1. Calculate m(6).
23
Let d(t) = t**2 - 9*t - 11. Determine d(10).
-1
Let h(o) = 10*o + 18. Determine h(-4).
-22
Let o(m) = -2*m**2 - 8*m - 9. What is o(-2)?
-1
Let w(v) = v - 20. Give w(0).
-20
Let r(c) = 29*c - 4. Give r(2).
54
Let z(c) = -20*c + 5. Calculate z(1).
-15
Let d(r) = -40*r**2 + 2*r + 2. Calculate d(-1).
-40
Let n(y) = 19*y + 107. Determine n(-6).
-7
Let k(z) = z**2 - 3*z - 4. Calculate k(0).
-4
Let z(c) = c**2 + 8*c + 9. Give z(-8).
9
Let j(h) = 9*h**2 - 3*h - 2. Determine j(-1).
10
Let t(h) = -h**2 + 15*h - 51. Give t(6).
3
Let u(c) = -10*c + 3. What is u(-6)?
63
Let f(a) = -a**2 - 5*a - 7. Give f(-5).
-7
Let m(o) = o**3 - o**2 - 2*o - 4. Give m(4).
36
Let w(n) = -9*n - 67. Give w(-8).
5
Let r(q) = q**3 + 4*q**2 - q - 6. Determine r(-5).
-26
Let t(h) = h**3 + 8*h**2 + 8*h + 14. What is t(-7)?
7
Let x(h) = -h + 22. Give x(-10).
32
Let i(z) = -z**3 - 11*z**2 - 14*z + 5. What is i(-9)?
-31
Let g(n) = -n**2 - 17*n - 3. Calculate g(-6).
63
Let y(k) = -5*k**2 + 3*k + 8. What is y(2)?
-6
Let o(w) = -3*w - 37. What is o(-13)?
2
Let s(f) = -f + 23. Calculate s(15).
8
Let c(n) = 4*n + 62. Determine c(-14).
6
Let h(l) = 13*l**2 + l - 2. Give h(-2).
48
Let u(j) = -8*j + 8. Calculate u(6).
-40
Let n(i) = -i**3 - i**2 - 2*i + 3. Calculate n(1).
-1
Let v(p) = p**2 - p - 9. What is v(-4)?
11
Let m(t) = -2*t**2 + 13*t - 4. Give m(8).
-28
Let k(i) = -2*i**3 + 21*i**2 - 8*i - 26. Give k(10).
-6
Let u(d) = 2*d**2 + 4*d - 3. Calculate u(-9).
123
Let m(h) = -h**2 - h + 2. What is m(-3)?
-4
Let l(w) = -w**3 - 4*w**2 + 6*w. Calculate l(-5).
-5
Let o(h) = h**2 + 10*h + 4. Give o(-8).
-12
Let x(y) = y**3 + 6*y**2 - 8*y - 4. Determine x(-7).
3
Let i(m) = 5*m**2 + 23*m + 13. Give i(-3).
-11
Let c(l) = -l**3 + 4*l**2 - 3. Calculate c(3).
6
Let j(n) = 24*n - 431. Determine j(18).
1
Let m(s) = s**3 + 11*s**2 + 10*s - 1. Give m(-10).
-1
Let w(c) = c**2 + 20*c + 9. Determine w(-18).
-27
Let u(z) = -23*z**3 + 4*z - 3. Determine u(1).
-22
Let t(k) = -k**3 - 9*k**2 - k - 2. What is t(-9)?
7
Let k(u) = 6*u**3 - 3*u**2 - u + 2. What is k(2)?
36
Let h(b) = -14*b - 81. Give h(-4).
-25
Let m(h) = -h**3 + 11*h**2 - 11*h + 8. Give m(10).
-2
Let t(v) = -140*v - 150. Determine t(-1).
-10
Let x(g) = g**2 - 8*g + 11. Determine x(9).
20
Let u(z) = z**3 - 10*z**2 - 11*z + 3. Give u(11).
3
Let d(k) = -k**2 + 11*k + 20. What is d(12)?
8
Let u(w) = -w**3 + 9*w**2 - 7*w - 8. What is u(9)?
-71
Let h(d) = d**2 + 2*d - 1. Determine h(-4).
7
Let h(z) = -z**3 + 7*z**2 - 3*z - 3. Give h(7).
-24
Let j(h) = -2*h - 14. Give j(-8).
2
Let m(g) = 19*g + 108. Give m(-6).
-6
Let k(o) = 13*o + 18. What is k(-2)?
-8
Let i(c) = 13*c - 6. Determine i(1).
7
Let n(o) = o - 6. Give n(8).
2
Let f(d) = d**2 + 5*d + 10. Determine f(-7).
24
Let x(q) = -13*q - 52. What is x(-3)?
-13
Let x(b) = b**3 - 9*b**2 - b - 1. Determine x(5).
-106
Let r(p) = 6*p - 8. Calculate r(5).
22
Let a(o) = -o - 16. Give a(-9).
-7
Let y(w) = -w**3 + 29*w**2 + 30*w + 1. What is y(30)?
1
Let r(l) = -4*l + 15. Give r(7).
-13
Let l(p) = -11*p - 33. What is l(-5)?
22
Let p(y) = -y + 24. Give p(14).
10
Let r(b) = 2*b**2 + 5*b + 15. Calculate r(-5).
40
Let q(d) = -d**2 + 4*d - 4. Give q(3).
-1
Let j(p) = p**3 + 12*p**2 + 14*p + 31. Give j(-11).
-2
Let q(l) = -5*l - 13. What is q(-6)?
17
Let n(z) = -2*z - 16. Give n(-5).
-6
Let n(g) = 4*g - 4. Calculate n(2).
4
Let b(x) = -2*x - 32. Give b(-17).
2
Let s(g) = 5*g - 45. Determine s(9).
0
Let i(c) = 2*c**3 - 23*c**2 - 14*c + 29. Determine i(12).
5
Let t(w) = w**3 - 29*w**2 + 2*w - 40. Give t(29).
18
Let y(v) = v**3 - 5*v**2 - 3*v - 20. What is y(6)?
-2
Let u(s) = s**3 - 36*s**2 + 35*s + 3. Calculate u(35).
3
Let j(h) = h**2 + h + 2. Give j(-6).
32
Let j(a) = -4*a + 10. Calculate j(9).
-26
Let o(h) = -38*h**2 - h - 4. Give o(-2).
-154
Let v(p) = -p**3 - 4*p**2 + 2. What is v(-3)?
-7
Let p(w) = w**3 + 16*w**2 + 2*w + 5. Give p(-16).
-27
Let s(v) = -v + 4. What is s(13)?
-9
Let l(d) = -16*d - 50. What is l(-7)?
62
Let r(q) = 60*q + 782. Determine r(-13).
2
Let w(v) = -v**2 + 12*v + 8. Determine w(6).
44
Let j(m) = m**2 - 11*m + 36. Give j(6).
6
Let t(z) = z**3 + 4*z**2 + 8*z + 15. Give t(-3).
0
Let y(d) = 20*d**2 + 2*d. Give y(-1).
18
Let m(g) = g**3 + 21*g**2 + 19*g - 28. Calculate m(-20).
-8
Let q(s) = 3*s**2 - 24*s + 15. Calculate q(9).
42
Let v(j) = -j**3 + 3*j**2 + 19*j - 11. Calculate v(6).
-5
Let l(t) = t - 2. Calculate l(-3).
-5
Let k(z) = -4*z**2 - 2*z + 3. Give k(3).
-39
Let u(g) = -2*g + 10. Calculate u(4).
2
Let r(c) = -2*c + 2. Calculate r(-6).
14
Let n(b) = -5*b. Give n(-16).
80
Let j(z) = -11*z + 73. Determine j(6).
7
Let p(u) = 2*u**2 - 4*u + 4. Calculate p(2).
4
Let p(y) = y + 17. Calculate p(-14).
3
Let r(s) = -7*s - 3. Calculate r(-2).
11
Let n(c) = c**3 + 12*c**2 - 27*c + 17. Determine n(-14).
3
Let n(x) = -x**2 - x - 3. Determine n(3).
-15
Let i(y) = 9*y**2 - 1. Determine i(1).
8
Let x(y) = -7*y + 6. Determine x(-3).
27
Let r(v) = -v**3 - 8*v**2 - 8*v + 6. Give r(-6).
-18
Let k(n) = n**2 - 9*n + 9. Calculate k(8).
1
Let n(z) = -3*z**2 - 32*z - 30. Determine n(-9).
15
Let o(y) = 13*y + 1. Determine o(-1).
-12
Let r(p) = -65*p + 509. Calculate r(8).
-11
Let q(f) = 2*f**2 - 22*f - 34. What is q(12)?
-10
Let h(i) = i**2 - 14*i - 2. Calculate h(11).
-35
Let d(b) = -b**3 - b**2 + 40*b + 55. What is d(-6)?
-5
Let n(g) = 27*g - 139. Determine n(5).
-4
Let q(j) = j**3 + 48*j**2 + 89*j - 101. Determine q(-46).
37
Let r(z) = 4*z + 9. Determine r(-7).
-19
Let l(h) = 7*h**2 - 6*h - 1. What is l(-2)?
39
Let c(u) = -u + 15. Give c(0).
15
Let x(y) = -y**3 + 8*y**2 - 8*y - 4. Calculate x(7).
-11
Let b(g) = -g**2 + 5*g - 16. Give b(5).
-16
Let v(x) = x**3 - 10*x**2 + 7*x + 10. Calculate v(9).
-8
Let u(w) = -3*w**2 - w + 3. Determine u(4).
-49
Let v(j) = -2*j - 10. Give v(-7).
4
Let l(i) = -i**3 - 38*i**2 - 37*i - 14. What is l(-37)?
-14
Let t(f) = -14*f + 311. Determine t(22).
3
Let h(b) = -b**3 - 6*b**2 - 4*b + 5. Calculate h(-5).
0
Let o(h) = -h**3 - 2*h**2 + 6*h + 5. What is o(-4)?
13
Let t(v) = 3*v - 29. Calculate t(10).
1
Let m(g) = g**3 + g**2 - 10*g + 34. Calculate m(-5).
-16
Let i(h) = -h**3 - 13*h**2 - 9*h + 8. What is i(-12)?
-28
Let c(p) = -p**2 + 11*p + 12. Calculate c(12).
0
Let i(a) = -a**3 + 8*a**2 - 6*a - 1. Give i(6).
35
Let r(c) = 12*c**3 - 2*c**2 - c + 1. Give r(-1).
-12
Let r(c) = 15*c**3 + c**2 - 2*c + 2. What is r(1)?
16
Let z(v) = -4*v + 24. Give z(7).
-4
Let l(h) = h - 4. What is l(7)?
3
Let v(u) = u + 7. What is v(0)?
7
Let t(p) = -p**3 + 4*p**2 - 2*p - 2. Give t(2).
2
Let v(p) = -p**3 - 10*p**2 + 10*p - 14. What is v(-11)?
-3
Let t(z) = 2*z**3 + 2*z**2 + 3*z - 12. What is t(0)?
-12
Let d(w) = w**3 + 11*w**2 + 14*w - 65. Give d(-9).
-29
Let l(j) = j**3 - 3*j**2 + 3*j - 3. Determine l(4).
25
Let a(z) = z + 4. Give a(-8).
-4
Let g(h) = 2*h**2. Give g(-2).
8
Let h(n) = -2*n - 61. Calculate h(-30).
-1
Let a(h) = 9*h - 1. Calculate a(2).
17
Let b(o) = o**2 + 6*o - 74. Calculate b(6).
-2
Let c(d) = d**3 - 7*d**2 - 9*d + 21. Determine c(8).
13
Let x(k) = -k**3 - 7*k**2 - 23*k - 94. Give x(-6).
8
Let z(a) = a**3 + 2*a**2 + 3*a + 9. Give z(-4).
-35
Let u(c) = c**2 - 12. What is u(4)?
4
Let b(y) = 40*y**3 + 2*y - 2. Calculat